 -472c?
-4728
In base 15, what is 698c + 29?
69b6
In base 9, what is 71 + 156280?
156361
In base 8, what is 2410555 + -7?
2410546
In base 14, what is c + -a653?
-a645
In base 14, what is -976 - b30?
-16a6
In base 6, what is -10 - 1335054?
-1335104
In base 10, what is 4 + -22269?
-22265
In base 9, what is 477 - -6?
484
In base 5, what is 11420 - 220?
11200
In base 2, what is -101010 + -1010100100?
-1011001110
In base 6, what is 5 - 200035?
-200030
In base 6, what is -313121 + -4?
-313125
In base 7, what is -5 + -441225?
-441233
In base 16, what is 3 - 1c55?
-1c52
In base 2, what is 1110001101101100110 - 0?
1110001101101100110
In base 7, what is 1442505 - 5?
1442500
In base 3, what is 1012 + 220111?
221200
In base 8, what is 2 - -3460?
3462
In base 9, what is 3401 - 136?
3254
In base 10, what is -5 - 76102?
-76107
In base 4, what is 12002 - -311211?
323213
In base 7, what is -542006 + 1?
-542005
In base 11, what is 7 - -212?
219
In base 8, what is 4 + -4716?
-4712
In base 2, what is -100 - -10000011000110?
10000011000010
In base 12, what is -2a + -25681?
-256ab
In base 11, what is 26 - 6665?
-663a
In base 5, what is 202 + 132?
334
In base 8, what is -15256716 - -5?
-15256711
In base 7, what is 16635 + -2?
16633
In base 16, what is -6c0 - -1f?
-6a1
In base 11, what is -4 + -2a46?
-2a4a
In base 15, what is -32a + be?
-25b
In base 14, what is -1 - -979d?
979c
In base 11, what is -842a - 6?
-8435
In base 9, what is 7715 + -100?
7615
In base 14, what is 5 + -7875?
-7870
In base 14, what is -303c1 - -5?
-303ba
In base 8, what is -1636 - 340?
-2176
In base 11, what is -14881 - -3?
-14879
In base 3, what is 10011110122 - 121?
10011110001
In base 6, what is -2055 + -311?
-2410
In base 5, what is 103221301 - 1?
103221300
In base 8, what is -64462 - 1?
-64463
In base 5, what is 3033110 - -3?
3033113
In base 15, what is -63 - 2d?
-91
In base 4, what is 11311 - 0?
11311
In base 10, what is -26737 + 7?
-26730
In base 9, what is 256 + -73?
173
In base 13, what is -25a0 + -13?
-25b3
In base 14, what is 121 - 20a?
-c9
In base 11, what is -17a - 2107?
-2286
In base 9, what is -25151 + 4?
-25146
In base 6, what is 202 + -5031?
-4425
In base 4, what is 2 - -120233233?
120233301
In base 12, what is 3 - 2633a?
-26337
In base 6, what is 5 - 425020?
-425011
In base 10, what is 518875 + -5?
518870
In base 8, what is 2442 - -60?
2522
In base 12, what is -309576 - 1?
-309577
In base 9, what is -1316 - -231?
-1075
In base 5, what is -40432224 + 10?
-40432214
In base 8, what is 23 + 50652?
50675
In base 12, what is -2aaa - -32?
-2a78
In base 15, what is -931e - 3?
-9322
In base 2, what is 110 - -1110100110110101?
1110100110111011
In base 15, what is 1b4e + 3?
1b52
In base 10, what is 396 - -527?
923
In base 9, what is -174064 - 0?
-174064
In base 13, what is -44 - -118?
a4
In base 11, what is 10 + 52a1?
5301
In base 13, what is -93 + -47?
-10a
In base 15, what is 44d6 - -4?
44da
In base 15, what is 8e1db + 2?
8e1dd
In base 4, what is 11 - -1323302330?
1323303001
In base 14, what is -2 + 6a50?
6a4c
In base 11, what is -14 - 39a?
-403
In base 12, what is 1 + 182077?
182078
In base 14, what is 15d + d0?
24d
In base 15, what is -12 - 322?
-334
In base 14, what is -720a + -25?
-7231
In base 12, what is 3 + 1793?
1796
In base 4, what is 2 + -102113?
-102111
In base 13, what is 9 + -13a?
-131
In base 13, what is 23 - -200c?
2032
In base 10, what is -37 + 9989?
9952
In base 2, what is 1101100001001 - -1?
1101100001010
In base 8, what is 2365 - -4?
2371
In base 11, what is -75066 - 1?
-75067
In base 4, what is -210113310 - 23?
-210113333
In base 7, what is 331024 - 5?
331016
In base 11, what is 986 - -6?
991
In base 13, what is -4 - -69b?
697
In base 10, what is -1313 + 11?
-1302
In base 6, what is 102033 - -13?
102050
In base 2, what is -1100000 - 1011100010110111?
-1011100100010111
In base 14, what is c825 - 0?
c825
In base 7, what is 44 - 3542?
-3465
In base 15, what is 2 - -1864?
1866
In base 10, what is 53 - -552?
605
In base 14, what is -126a9a - -2?
-126a98
In base 3, what is -1122020202 - 10?
-1122020212
In base 6, what is -2203 - -4301?
2054
In base 16, what is c - 8c6?
-8ba
In base 5, what is 4 + 334230?
334234
In base 2, what is -1000000111101100110111 - 10?
-1000000111101100111001
In base 5, what is 2 + 133440?
133442
In base 10, what is 146797 + -1?
146796
In base 14, what is -77d17 + -2?
-77d19
In base 5, what is -22341 + -10?
-22401
In base 6, what is 11 + -11313?
-11302
In base 14, what is -65 - 73?
-d8
In base 8, what is 375453 + -6?
375445
In base 2, what is 100 + -10100100110100110100?
-10100100110100110000
In base 15, what is c5d0 - 6?
c5c9
In base 4, what is -211203 - -12220?
-132323
In base 2, what is -100 + 10111000101101101?
10111000101101001
In base 7, what is 42 - -1234164?
1234236
In base 6, what is 11000144 - -3?
11000151
In base 7, what is -235142 + 5?
-235134
In base 8, what is -4 + 114565?
114561
In base 8, what is 1413460 + 10?
1413470
In base 12, what is 1462 - -25?
1487
In base 5, what is 10410134 - 20?
10410114
In base 7, what is -4 - 42063?
-42100
In base 15, what is -227dc - -1a?
-227c2
In base 4, what is -20022201 + -3?
-20022210
In base 8, what is -327350 + 5?
-327343
In base 5, what is -10 + -344443?
-400003
In base 6, what is -4015255 + 4?
-4015251
In base 5, what is -4 + 202211033?
202211024
In base 4, what is -1103001032 + 13?
-1103001013
In base 6, what is -1531 + -21455?
-23430
In base 6, what is -10021 - 315?
-10340
In base 6, what is 13422004 + 1?
13422005
In base 13, what is 209107 + -2?
209105
In base 16, what is -17292 + -4?
-17296
In base 12, what is 87b1 + 0?
87b1
In base 14, what is 1c - c4a?
-c2c
In base 13, what is -1 - 6b73?
-6b74
In base 15, what is 2 - -13c2?
13c4
In base 7, what is -22216 - 45?
-22264
In base 2, what is 101000010001 + -100001001?
100100001000
In base 2, what is 10001001101 - -10010?
10001011111
In base 3, what is -20001022211 + -11?
-20001022222
In base 16, what is 0 - 123?
-123
In base 4, what is 102 - 13120201?
-13120033
In base 14, what is -4 - 8d3d?
-8d43
In base 13, what is 10b2 + -1c?
1093
In base 7, what is -5 - 403260?
-403265
In base 3, what is 1210222120220 + 10?
1210222121000
In base 16, what is 38 + 18076?
180ae
In base 14, what is -d - -106?
d7
In base 11, what is 12 + 2042?
2054
In base 9, what is 135600 + -5?
135584
In base 10, what is 0 - -110595?
110595
In base 3, what is 1120 + 2112100?
2120220
In base 5, what is 40220 + 1?
40221
In base 9, what is 2733 + 2?
2735
In base 15, what is d - -c4d2?
c4e0
In base 7, what is 14454 + 141?
14625
In base 16, what is -acaf - 33?
-ace2
In base 9, what is 237 - 324?
-76
In base 3, what is 2102201010 + 0?
2102201010
In base 2, what is 1001111 - -10110001?
100000000
In base 12, what is 2a952 - 0?
2a952
In base 13, what is 742b - 5?
7426
In base 6, what is -44344 - -22?
-44322
In base 4, what is 133 + 10022?
10221
In base 16, what is -d4f34 - -3?
-d4f31
In base 11, what is -136 + -28?
-163
In base 2, what is 10101011111011111011 + -100?
10101011111011110111
In base 16, what is -22 - -3bf?
39d
In base 4, what is -111 - 3101121?
-3101232
In base 7, what is -640 + 133?
-504
In base 2, what is -10011000 - 100010001001110?
-100010011100110
In base 12, what is 1217 + 2b?
1246
In base 7, what is -15644556 + -1?
-15644560
In base 5, what is -234342022 - 10?
-234342032
In base 6, what is -1015 - -13103?
12044
In base 11, what is 1 - 10124?
-10123
In base 4, what is -1 + 1213202023?
1213202022
In base 3, what is 2 + -2110100000?
-2110022221
In base 8, what is 2 + -66136?
-66134
In base 12, what is 73 + -99a4?
-9931
In base 8, what is 145 - -131?
276
In base 2, what is -11 - 1101100110100?
-1101100110111
In base 8, what is -5145 + -7?
-5154
In base 8, what is -3 - 33677?
-33702
In base 15, what is 4 + 1d05?
1d09
In base 12, what is 2 + -489556?
-489554
In base 7, what is -650 + 1444?
464
In base 2, what is 111011011000100000 + 101?
111011011000100101
In base 7, what is 0 - 414403?
-414403
In base 4, what is -11002 - 13003?
-30011
In base 8, what is 75 - -2475?
2572
In base 9, what is -4 + 106552?
106547
In base 4, what is 11 + 1012230333?
1012231010
In base 6, what is -3 - -1042404?
1042401
In base 9, what is 4224 + 2078?
6313
In base 5, what is -1220342 + 1?
-12